Suppose -i*d + 47*d + 742 = 0. What is the tens digit of d?
5
Let n(b) = -2*b**3 - 6*b**2 - 5*b - 4. Let g be n(-4). Let i(h) = 3*h**2 - 6 + g*h - h**3 - 53*h - 16*h**2. What is the tens digit of i(-13)?
5
Let y be (-4 - -12)/(-4 - -2). What is the units digit of (-9)/12*y + (0 - -1)?
4
Suppose -2*c + 7376 + 7428 = -24688. What is the tens digit of c?
4
What is the hundreds digit of (-10081)/3*-3 + 0?
0
Let x = 332 + -335. Let u(s) = -22*s**3 + 8*s**2 + 10*s + 1. What is the hundreds digit of u(x)?
6
Suppose 703868 + 4841695 = 76*z + 347239. What is the hundreds digit of z?
3
What is the units digit of (2/8 - (-3828)/(-80))/(28/(-45500))?
0
Suppose -189*k - 184*k + 7439236 = -8943670. What is the thousands digit of k?
3
Suppose -16 = -4*j - 2*g, -40*j - 4*g = -36*j - 16. Suppose -1321 = -j*d - 5*h, -2*d + 1647 = 3*d + 2*h. What is the tens digit of d?
2
Suppose -51 - 9 = -10*b. Suppose 2*l = -p + 22, -9*l = p - b*l - 26. Let n = 19 + p. What is the units digit of n?
3
Suppose 3198 = -167*v + 173*v. Let l = -117 + v. What is the tens digit of l?
1
Suppose 9*h - 24 = 3. Suppose -h*s = z - 265, 5*z - 5*s - 933 - 492 = 0. What is the units digit of z?
0
What is the thousands digit of (-23 - -3)*188627/(-265)?
4
Let g(h) = 31*h - 128. Suppose -4*r - 56 = -5*n, 5*r + 15 = n + 8*r. What is the units digit of g(n)?
4
Suppose -13*c = 47*c - 490320. Suppose 5*o + 3275 = 2*v, 69*v + c = 74*v + 3*o. What is the units digit of v?
5
Let y(f) = 7*f - 1. Let a be y(1). Let d be (0*3/a)/(-4). Suppose m = -d*m + 4. What is the units digit of m?
4
Suppose 9*s - 8460 - 12366 = 0. What is the tens digit of s?
1
What is the hundreds digit of (159269/22 + 5 - 2) + 1/2?
2
Let u = -96 + 113. Let x(b) = -41*b + 8*b + 5*b + u*b - 62. What is the tens digit of x(-24)?
0
Let f be 1595/(-58) + 2/4. Let y(m) = 12*m + 13. Let r(t) = 11*t + 12. Let z(n) = -4*r(n) + 3*y(n). What is the tens digit of z(f)?
0
Let s(g) = 4568*g**3 + g**2 - 3*g + 2. Let n be s(1). Suppose 4*u - n = -4*c, 4329 = 4*c - 2*u - 215. What is the tens digit of 5 + 28/(-6) - c/(-6)?
9
Let w(p) = -p**3 - 2*p**2 + 11*p + 8. Suppose -2*t + 0*x + 2*x = 54, 4*t - 3*x + 103 = 0. Let b be (7/(-3))/(t/(-66)). What is the units digit of w(b)?
6
What is the units digit of ((1/3)/(-3 - -2))/((-2)/46902)?
7
Let x(y) = 4*y**3 + 11*y**2 + y. Let n be x(5). Suppose -16*i + 17420 - n = 0. What is the hundreds digit of i?
0
Suppose 0 = 4*s - 9*b + 8*b - 134650, 67304 = 2*s + 3*b. What is the thousands digit of s?
3
Let o(j) = -483*j + 23. Let b be o(3). Let a = b + 2040. What is the hundreds digit of a?
6
Let r(n) = n**2 - 28*n + 57. Let u = 27 + -1. What is the units digit of r(u)?
5
Let n = 256 - 253. Suppose -4*k + 2*u = -4180, -4*k + u = -n*k - 1047. What is the hundreds digit of k?
0
Let a = 67 + -94. Let z be (-10)/45 + (-6)/a + 2. Suppose -63 - 35 = -z*o. What is the units digit of o?
9
Let t be (1496/(-102))/(1 - (-4)/(-3)). Suppose 1140 = 50*s - t*s. Suppose s - 763 = -3*d. What is the tens digit of d?
9
Let s(m) = -6725*m + 54. What is the tens digit of s(-2)?
0
Let c be 45 + 1 + (8 - 0). What is the units digit of 60651/c + (-4)/24?
3
Let w(i) = i**2 - 14*i + 7. Let p be w(9). Let n = p - -42. Suppose -4*s - 166 - 66 = -n*t, 0 = 5*t + 3*s - 298. What is the units digit of t?
9
Suppose -124284 = -3*l + 4*z, -27*l + 24*l + 3*z = -124284. What is the ten thousands digit of l?
4
Suppose 4*r - 2*o = 11484 + 7732, 3*o = 4*r - 19214. Suppose 3*n - 6*n = -3*d - 4797, -3*n + r = d. What is the hundreds digit of n?
6
Let m be (1/(-4)*(2 - 10))/(-1). Let n be (6*m/(-8))/((-11)/(-22)). Suppose n*t = 590 + 124. What is the hundreds digit of t?
2
Suppose 2*z = 3*q - 2*z + 21, 2*q = 2*z - 14. Let f(k) = -k**2 - 20*k - 19. Let l be f(q). What is the tens digit of 1 + 1 + -3 + 4 + l?
7
Suppose -41*s + 307776 - 198778 = -897306. What is the units digit of s?
4
Let f(u) = -30*u - 16. Let p be -2*(-67 - ((4 - 3) + 0)). Let o = 134 - p. What is the units digit of f(o)?
4
Suppose -5*y - 1539*w + 20958 = -1535*w, 0 = 5*y + 2*w - 20954. What is the tens digit of y?
9
Suppose 0 = -2*n + 7 - 9, 5*n - 172 = -3*w. What is the units digit of w?
9
What is the units digit of 1/3 + 960036/198?
9
Let n(y) = -1829*y + 1069. What is the ten thousands digit of n(-10)?
1
Suppose 5*c - 4*f = 4*c + 906, -4*c - 3*f = -3548. Suppose -5 = -t, t - c = -4*g - g. What is the hundreds digit of g?
1
Suppose -1016761 - 306872 + 7869 = -81*y. What is the hundreds digit of y?
2
Suppose -11*v + 6*v - 4*a - 53 = 0, -36 = 3*v + a. Let k(o) = -2*o**3 - 21*o**2 - 42*o - 8. What is the tens digit of k(v)?
8
Let i(o) = o**3 + 25*o**2 + 45*o - 18. Let p be i(-23). Suppose c = -p*c + 324. What is the units digit of c?
4
Let l = -323 + 324. What is the hundreds digit of -10*(-2776)/20*l?
3
Let d be 2/((-13047)/(-1863) + -7). What is the units digit of (6 + d)*(-7)/((-21)/8)?
2
Let w(d) be the first derivative of d**3 + 27*d**2/2 + 52. What is the tens digit of w(4)?
5
What is the hundreds digit of (-28506)/(-5)*130/52?
2
Let u = 25490 + -18055. What is the tens digit of u?
3
Suppose 0 = -2*v + d - 5628, 2*d + 5616 = -2*v - 0*d. Let f be v/18 - ((-10)/(-9))/(-5). What is the hundreds digit of (-78)/f - (766/(-4))/1?
1
Let c(z) = 16212*z - 18. What is the tens digit of c(4)?
3
Let j(y) = -174*y**3 + 3*y**2 + 2*y. Suppose 2*s + 2*a = -2*s + 28, 4*s - 2*a - 28 = 0. Let g = s + -8. What is the units digit of j(g)?
5
Let r = 27792 - 18031. What is the units digit of r?
1
What is the units digit of -4*(-9705)/4*46*8/80?
3
Let i(g) = 6048*g - 68. What is the units digit of i(8)?
6
Let k = 11774 + -1061. What is the tens digit of k?
1
Let t = -43 - -49. Suppose -2*y - 1596 = -t*y. Suppose -59*b - y = -62*b. What is the tens digit of b?
3
Suppose 4*x - 133 = 127. Suppose 3*t = 20*t + 816. Let q = x + t. What is the units digit of q?
7
Let r be (15/(-9) + 3)/((-3)/9). Let v = 9 + r. What is the units digit of 6/v*(-525)/(-10)?
3
Suppose 0 = -5*k - 2*m, 3*k - m - 4*m = -31. What is the tens digit of 1 + k - (1 - 98)?
9
Suppose p + 51*b + 3 = 53*b, 0 = -4*p + 4*b. Suppose 2*r = -p*u + 1739, r + 4*u + 3468 = 5*r. What is the tens digit of r?
6
Let j(b) = 3 - 8*b**2 + 7 + 25*b**2 + 50*b - 38*b. Let r be j(-4). Suppose 12*w - 15*w + r = 0. What is the units digit of w?
8
Let o = 828 - -398. Let w = -662 + o. What is the hundreds digit of w?
5
Let u be 0/((-8)/(4 + 0)). Let j be u - ((-56)/21)/(3/927). What is the tens digit of 16/(-40)*2 + j/5?
6
Let a(n) = -2*n - 19. Let l be a(-22). Let u = l - -280. What is the hundreds digit of u?
3
Let i be (-162)/63*42/9. Let v(z) = -5*z + 52. What is the tens digit of v(i)?
1
Suppose -41*j - 1711 = 749. What is the units digit of (-390)/j*(156 - -2)?
7
Let l = 33107 - 942. What is the ten thousands digit of l?
3
Suppose -71*u = -29*u - 32*u - 145330. What is the hundreds digit of u?
5
Let g be 27820/(-100) - (-2 - (-18)/10). Let u = g - -668. What is the tens digit of u?
9
Let j(s) = -7*s + 38. Let d be j(18). Let o = d + 237. What is the units digit of o?
9
Suppose 15*p + 53389 = 204694. What is the ten thousands digit of p?
1
Suppose 8 = 2*s - 30. Suppose 5*j - s - 11 = 2*c, -3*j + 17 = -c. What is the hundreds digit of (1 - 745/c)*(0 - -1)?
1
Suppose -22*m + 15 = 15. Suppose m = i - 691 + 122. What is the units digit of i?
9
Let c = 383 - 380. Suppose 9*r - c*r = 3270. What is the units digit of r?
5
Let s be 0/8 + (-788)/2. Let y = -79 - s. What is the units digit of y?
5
Suppose 167*d = -183*d + 333*d + 44914. What is the units digit of d?
2
Let z(d) = -290*d**3 - 10*d**2 - 10*d - 8. What is the hundreds digit of z(-3)?
7
Let b be ((-125)/(-3))/(-5) - (-5)/15. Let r be 986/(-10) - b/(-20). Let a = 226 + r. What is the tens digit of a?
2
Suppose 4*d - 66194 = -2*w - d, 0 = 3*w + 8*d - 99291. What is the hundreds digit of w?
0
Let g = -35583 - -68091. What is the tens digit of g?
0
Let t(v) be the third derivative of v**5/60 - 17*v**4/24 + 31*v**3/3 - 18*v**2 - 2*v. What is the units digit of t(24)?
0
Suppose 2 + 3 = 5*x, -8 = 4*o + 4*x. Let n(g) be the first derivative of -45*g**2/2 - g + 1. What is the hundreds digit of n(o)?
1
Let k(l) = 2*l**2 + 59*l + 253. Let d be k(-5). Let t = 3 - 7. What is the units digit of (-5)/t + 46/d?
7
Wh